 (-15 - -15) - (-1 - -3)
7
What is -7 + (7 - -4 - 2)?
2
What is the value of (4 - ((-1 - 2) + (8 - 5))) + -7?
-3
2 - 4 - (46 + -48)
0
What is the value of (-142 - -127) + (-7 - (4 + -2))?
-24
Calculate 12 + -7 + (-3 - -3 - -1) - -2.
8
(0 - 21) + (25 - (29 - 14))
-11
Evaluate -62 + -12 + 22 - -36.
-16
What is the value of (6 - 0) + (-19 - -29) + -1 + 4?
19
What is the value of -4 + 3 + -4 - (7 + (24 - 2))?
-34
Evaluate -2 + -22 - (-16 - (-7 - 15)).
-30
What is 170 + -167 - (5 + -20)?
18
What is -1 + (-8 - -21) + -7?
5
Calculate (2 - -6) + 5 + -1 - (1 - -5).
6
Calculate 50 + -37 + -15 + -9.
-11
What is (2 - -2 - (120 - 109)) + -7?
-14
Evaluate 14 + -5 + 9 + 0 + -11 + -4.
3
What is the value of (14 - -2) + (18 + -13 - -6 - 7)?
20
Evaluate (11 - -4 - 29) + 5.
-9
Evaluate 1 + -6 - (5 - 13) - 1.
2
Calculate 6 + -43 - (4 + -67).
26
Calculate (-5 - -3) + -10 + 9 - (-6 + -6).
9
Calculate (14 - 0) + (119 - 141).
-8
Evaluate -51 + 27 + (8 - -4).
-12
Evaluate -6 + -12 + 14 + 0.
-4
What is 2 + -36 + 33 + -2 + 2?
-1
What is -124 + 123 + (-5 - 15)?
-21
What is the value of -31 - (18 + -53 + 26)?
-22
What is (-4 - 8 - 4) + 7 + (-2 - 7)?
-18
What is the value of 33 + 12 + -23 + -14?
8
Evaluate 19 - (-2 - (29 + -31)).
19
Calculate 12 + (18 - 25) + -19.
-14
102 + -102 - (9 + 2)
-11
(1 - -11 - 0) + 16
28
Evaluate (-5 - -7) + -12 + 18.
8
Calculate 20 + (-10 - (-20 - (-53 - -17))).
-6
Calculate -1 - -9 - ((-29 - (23 + -25)) + 10).
25
Calculate 9 + -2 + 1 + 7 + (63 - 54).
24
(-620 - -609) + -1 + 2 + 3
-7
What is 276 - 265 - (-2 - 1)?
14
Evaluate 75 - 75 - (8 - (0 - -5) - -21).
-24
(1 - -5) + 2 + -1 - (-582 - -568)
21
What is 1 - -18 - (701 - 695)?
13
Evaluate 14 - (-23 - (-32 + 22)).
27
What is (-10 + 27 - (14 + -3)) + (-5 - 6)?
-5
Evaluate 175 - 166 - (1 - -9).
-1
Calculate (-7 + 0 - (6 - 25 - -9)) + -1.
2
Evaluate -3 + (-87 - -45) + 66.
21
Calculate 2 + 57 + (8 - 42).
25
Evaluate -13 + 2 + 9 - 22 - -7.
-17
What is -1210 + 1217 + 1 + 4?
12
Calculate 0 + -4 + (0 - 1 - (-12 - -7)).
0
What is the value of (-12 - -2) + (-7 + 3 - (-19 - -10))?
-5
Evaluate 7 + 19 + -16 + (-4 - 0).
6
Calculate 34 - (-1 + 6 + 14).
15
Evaluate (26 - -5 - 27) + -26 + 1.
-21
Evaluate (-6 - 31) + (38 - 10).
-9
What is the value of -11 + (19 - 16) - (1 - -5) - 5?
-19
Calculate 2 + (5 - 3) - ((-22 - -15) + -6).
17
Evaluate -5 - (-1 + -22 + 9 + 6).
3
What is the value of 5 - (30 + (-1 - 3) + -12)?
-9
Calculate -1 + (13 - -5) + -20.
-3
What is the value of -12 + 8 - (-14 - -31 - 8)?
-13
(22 - (56 - 36)) + 2 + -5
-1
Evaluate 14 + (-43 - (-12 - 16)).
-1
83 + -6 - (-10 + 50)
37
What is the value of -4 + (7 - (-6 + 3 + 7)) + -7?
-8
What is -3 + (-10 - -21) - (-9 + -4)?
21
What is -2 - (-12 + 4 - (13 + -1))?
18
Calculate -20 - -23 - (2 + (-2 - 0) - 2).
5
Evaluate (7 - 30) + (-121 - -120).
-24
What is (-17 - -14 - -1) + 5?
3
Calculate 220 + -205 - (2 + 31).
-18
What is (4 - 17) + -5 + 36?
18
Evaluate 10 + -30 + 4 + 14.
-2
Calculate (-4 + 8 - 25) + (3 - (22 - 13)).
-27
Evaluate -6 - (1 - (14 + (0 - 3) + -3)).
1
3 + -4 + (12 - (4 + 19))
-12
What is (-185 - -159) + 24 + 4?
2
What is the value of 64 + -49 + (-5 - -4)?
14
Evaluate (-6 - (1 - 3) - -9) + (0 - 11).
-6
(-1 - 0) + -2 + (-5 - -13)
5
-10 + (13 - (6 + 2)) - (-5 + -1)
1
What is 8 + -7 + 27 - (55 - 48)?
21
What is the value of -37 + 30 - ((-6 - -11) + -40)?
28
Calculate -23 - (12 - (30 - 5)).
-10
What is -22 + 21 - (-11 - (0 + -5)) - -11?
16
Calculate 14 + -13 + (-8 - -8).
1
What is the value of (1 - -6) + (-633 - -618)?
-8
Evaluate 0 - -36 - (25 - 7).
18
Evaluate (54 - 41) + 6 + -27.
-8
What is (14 - 4) + (14 - 18) + 10?
16
What is the value of -2 - (13 + (-5 - -1) + 3)?
-14
Calculate -7 + (-6 - (1 - 8)).
-6
-5 + 13 + (-1 - 9)
-2
What is 4 + -11 + (-2 + 20 - (32 - 41))?
20
Calculate 2 + 38 + -48 + 1 + -2.
-9
What is the value of 4 - (-154 + 178 + (0 - 2) + -5)?
-13
Evaluate 0 - (14 - 1) - -8.
-5
Evaluate 7 - (-12 + 27 + -12) - (20 + -1).
-15
19 + 0 + (-8 - 0) + 0
11
What is (3 - 2) + (-6 - -7) + -5 + 3?
0
(8 - 2) + 19 + -9
16
-2 + 7 - (-3 + 9) - -7 - -4
10
Evaluate 13 - (0 + -19 + 36).
-4
What is the value of (14 - (7 - 0)) + -4 - 8 - -3?
-2
What is -14 + (19 + -31 + 15 - 20)?
-31
(1 + -6 - 2 - (-46 - -43)) + -7
-11
2 + -8 + 0 - (47 - 53)
0
-119 + 72 - (6 - 35)
-18
Calculate -5 + 3 + 13 + 2 + -6 + -3.
4
What is 8 + -16 - ((-9 - -5) + 1 - -4)?
-9
Evaluate (1 - (-17 - -5)) + -22.
-9
-22 + -2 + 18 + (-16 - -5) + 3
-14
What is the value of -12 - (-8 + -18 + (16 - -15))?
-17
Calculate (-2 - -8) + ((-4 - 15) + 6 - 7).
-14
14 + (18 + -42 - -1)
-9
What is the value of (-15 - -3) + 2 + 5 + 24 + -22?
-3
Evaluate (-129 - -115) + (-3 - (-17 + 2)).
-2
Calculate (-4 - 2) + (7 + -9 - -37 - 0).
29
What is -7 - (5 + 9 - 7 - 5)?
-9
Evaluate -65 + 41 + 8 - (0 + -4).
-12
Evaluate (2 - -5) + -19 + 16 + -12 + -1.
-9
Calculate -9 + 2 + 17 - 20 - -7.
-3
Calculate 22 + (16 + -10 - 17).
11
What is the value of (-6 - (3 + -2)) + (1207 - 1227)?
-27
(15 - 14) + (3 - -3) + 2
9
Evaluate -1 + -2 + -2 + 1 - (6 + 2).
-12
Evaluate (-17 - (5 - 1)) + 3.
-18
What is 11 + 0 + 7 + -15 + 14?
17
What is the value of (0 - 13 - -5) + (-10 + 6 - 12)?
-24
What is (-5 - (28 - 24)) + -2?
-11
What is the value of -1 + -8 + -2 + (-6 - 0)?
-17
What is the value of 0 - (-80 + 84 - (11 + 1)) - 22?
-14
What is the value of 4 - (-10 - (6 + -30) - 3)?
-7
Calculate -3 + 6 + 4 - (26 + 0).
-19
Evaluate 10 + -16 + (6 - 7 - -4).
-3
6 + 3 - 7 - 3
-1
Evaluate 7 + -41 + (10 - (11 + -10)).
-25
Calculate -11 + -1 - (-184 + 177).
-5
11 + 14 + (16 - 26)
15
Calculate 22 + 3 + (5 - (13 + -12)).
29
Evaluate (9 - 32) + -5 - (5 + -9 + -1).
-23
What is the value of (51 - -6) + 8 - 44?
21
32 - 6 - (-2 + (12 - 2))
18
12 + -11 + 0 + 6 + -9
-2
What is the value of -2 + (36 + -8 + -9 - 9)?
8
What is -5 + 27 + -11 + (3 - 0)?
14
What is the value of -5 + (10 + -35 - -25)?
-5
Evaluate -5 - (19 + -22 + -1 + 1 - 4).
2
(0 - -29) + (15 - 18 - -3)
29
Evaluate -13 + -2 + (16 + (-10 - -11) - 11).
-9
What is -7 - (1 - (0 - 3) - (6 - -3))?
-2
What is the value of 5 + (0 - 9) + 31 + -32?
-5
4 + (-27 - -23) - -12
12
Calculate -9 + (-5 + -6 - -8 - 0).
-12
Calculate 3 + (4 - 2 - -13 - -4).
22
What is the value of -6 + (-10 + 0 - 6) + 7?
-15
0 - (45 - 23) - -34
12
Calculate -38 + 15 + (31 - 27).
-19
Evaluate (-10 - (-6 - 0)) + 8 + 27 - 7.
24
What is the value of 22 + -2 + (8 - 8) + -5 + 3?
18
Evaluate (2 - 19) + 26 + 2 + 1.
12
What is the value of 11 + 13 + -8 + -31?
-15
Calculate ((-15 - -22) + 2 + 0 - 14) + 18.
13
Evaluate -15 + (4 + 3 - 0) + 1 + -1.
-8
What is 8 + (6 - 2) + -11 - (-4 - 3)?
8
-4 - (4 - (-8 + 2 - -18))
4
Calculate -5 + (-2 - 5) + 9 + 13 + 7.
17
(3 - -1) + -49 + 53 + 2 + -3
7
What is (-8 - (-3 - (7 + -2))) + -16?
-16
What is the value of (-193 + 190 - (0 - 8)) + -10?
-5
What is 0 - 42 - -13 - (-5 + -2 - 5)?
-17
-4 + (1 - 5) + 6 + 3
1
Calculate (-14 - -17) + -11 + (2 - 5) + 0.
-11
Calculate 0 - (-3 + 7 + -4) - (-2 - -9).
-7
Calculate (-1 + -21 + 6 - 4) + 15 + -16.
-21
What is 2 - (5 + (0 + 5 - (12 + -17)))?
-13
What is the value of -10 - (5 + (-9 - -4)) - -8?
-2
Evaluate (2 - 6 - (5 - 7)) + 5 - -5.
8
-188 - -183 - (-2 + 5)
-8
What is the value of (9 + -1 - (3 + -6 + 9)) + 0?
2
What is 4 + -12 + 17 - -5?
14
Calculate 21 - (18 + 8 + -16) - 10.
1
Calculate 1 + (9 - 3) + (0 - 31) + 15.
-9
What is the value of -10 - (32 - 27 - -7)?
-22
What is -43 + 38 + -40 - -28?
-17
What is (-7 + 26 + -12 - (7 + 0)) + 5?
5
Calculate -16 + (1 - (-9 - -7)) + -12 + 5.
-20
What is (23 - (-10 - -26)) + 12 + 1 + -7?
13
What is the value of 2 + -1 + -24 + 27 - 10?
-6
-5 - (-8 + 13 - 13) - (-7 + -1)
11
What is the value of (7 - 7 - 17 - -7) + 6?
-4
What is the value of -20 + (13 - 10 - -13)?
-4
Calculate -16 + (9 - -8) + 10.
11
Evaluate -16 + 33 + -28 + (1 - -14).
4
26 + -27 + 10 - 13
-4
What is 11 - 11 - (8 - -11)?
-19
What is -19 - (3 + -7 - 26) - (39 + -1)?
-27
-10 - (-5 - (-3 + -2 + 8 + -6))
-8
Evaluate 14 - (-38 + -25 + 102).
-25
(-22 - (-8 + -4)) + -1
-11
Calculate -10 + 1 - (-462 + 450).
3
-6 + (-2 - -2 - (8 + (-1 - 2)))
-11
Evaluate (1 - (2 + -6 - (-10 + 8))) + -15.
-12
(-23 + 7 - (-2 + 1)) + -5 + 5
-15
What is -6 + (-4 - (-17 - (1 - -7)))?
15
Evaluate -11 + -9 + 23 + 0 + -2.
1
-5 - (-19 - -5) - (11 + -1)
-1
What is (-26 + 85 - 39) + (-22 - 1